 12?
True
Does 3 divide 171918?
True
Does 51 divide 133291?
False
Is 863 a factor of 1236679?
True
Does 26 divide 120666?
True
Does 811 divide 4070409?
True
Is 103298 a multiple of 29?
True
Does 121 divide 1660539?
False
Is 195 a factor of 4534532?
False
Is 111701 a multiple of 10?
False
Is 730 a factor of 5951690?
True
Does 106 divide 12596510?
True
Is 825 a factor of 41928975?
True
Is 20272392 a multiple of 876?
True
Does 173 divide 231820?
True
Does 51 divide 274380?
True
Is 138947 a multiple of 89?
False
Does 37 divide 645872?
True
Does 80 divide 480?
True
Is 10064700 a multiple of 954?
True
Does 7 divide 87143?
True
Does 705 divide 3673267?
False
Is 2979 a factor of 30168333?
True
Does 10 divide 23730?
True
Does 169 divide 78416?
True
Is 78650 a multiple of 62?
False
Does 8 divide 112000?
True
Does 13 divide 47151?
True
Is 781 a factor of 829113?
False
Does 3 divide 282?
True
Is 15 a factor of 1241920?
False
Is 485 a factor of 3999310?
True
Is 1213 a factor of 7149976?
False
Is 17 a factor of 1163809?
False
Is 1131744 a multiple of 17?
False
Does 57 divide 149264?
False
Is 23 a factor of 193096?
False
Is 44 a factor of 274076?
True
Does 68 divide 760716?
True
Is 144091 a multiple of 35?
False
Does 51 divide 484704?
True
Does 17 divide 3393168?
False
Does 670 divide 21446030?
True
Does 8 divide 19584?
True
Is 488 a factor of 125453?
False
Is 336 a factor of 153364?
False
Is 4 a factor of 851516?
True
Is 8492240 a multiple of 740?
True
Is 5203440 a multiple of 146?
True
Is 490000 a multiple of 20?
True
Is 18 a factor of 1930542?
False
Is 120 a factor of 27408997?
False
Is 466 a factor of 45668?
True
Is 5007 a multiple of 70?
False
Is 699 a factor of 25842729?
True
Is 499 a factor of 2648157?
False
Is 10115261 a multiple of 96?
False
Is 339 a factor of 1155651?
True
Is 57 a factor of 1506135?
False
Does 19 divide 216980?
True
Is 35840 a multiple of 32?
True
Is 4 a factor of 43170?
False
Is 29 a factor of 2205247?
True
Is 2163420 a multiple of 51?
True
Is 6 a factor of 608760?
True
Does 198 divide 724280?
False
Is 637 a factor of 14230757?
False
Is 13 a factor of 5756426?
True
Does 22 divide 662028?
False
Is 268479 a multiple of 9?
True
Is 1350 a multiple of 27?
True
Is 20 a factor of 3171?
False
Does 1748 divide 7257696?
True
Is 29 a factor of 144143?
False
Is 7 a factor of 22069?
False
Does 3 divide 12193?
False
Is 2747478 a multiple of 2725?
False
Is 3071630 a multiple of 16?
False
Is 13 a factor of 252158?
False
Is 3 a factor of 9120?
True
Does 9 divide 343566?
True
Does 17 divide 93581?
False
Is 37350 a multiple of 90?
True
Is 7760 even?
True
Is 22 a factor of 27553?
False
Is 11 a factor of 6476?
False
Is 288 a factor of 4265915?
False
Is 176849 a multiple of 10?
False
Is 357989 a multiple of 2?
False
Is 10 a factor of 3704830?
True
Is 61890 a multiple of 72?
False
Is 375991 a multiple of 133?
True
Is 3 a factor of 16449?
True
Does 115 divide 4816943?
False
Does 1936 divide 11673150?
False
Does 8 divide 380416?
True
Does 61 divide 199444?
False
Is 242 a factor of 4998752?
True
Is 757062 a multiple of 307?
True
Does 13 divide 1281429?
False
Is 104 a factor of 36920?
True
Is 975695 a multiple of 35?
True
Is 161778 a multiple of 457?
True
Does 96 divide 1274156?
False
Is 359812 a multiple of 92?
True
Does 13 divide 1134676?
False
Is 40 a factor of 17320?
True
Does 463 divide 662090?
True
Is 79740 a multiple of 509?
False
Is 489516 a multiple of 339?
True
Is 8 a factor of 400446?
False
Does 114 divide 164208?
False
Does 38 divide 67982?
True
Does 6 divide 90926?
False
Does 2 divide 81005?
False
Is 6860502 a multiple of 32?
False
Is 2248252 a multiple of 811?
False
Is 314279 a multiple of 16?
False
Is 7 a factor of 1169?
True
Is 1779813 a multiple of 81?
True
Is 103 a factor of 265534?
True
Is 60 a factor of 15911760?
True
Does 571 divide 33689?
True
Does 323 divide 132107?
True
Is 30 a factor of 178260?
True
Is 876262 a multiple of 8?
False
Does 294 divide 173754?
True
Is 53 a factor of 397448?
False
Is 186 a factor of 286117?
False
Is 13 a factor of 64356?
False
Is 60 a factor of 550764?
False
Is 15388 a multiple of 33?
False
Does 254 divide 295402?
True
Does 73 divide 2096780?
False
Is 90 a factor of 33210?
True
Is 82 a factor of 1002312?
False
Does 228 divide 111492?
True
Is 417186 a multiple of 187?
False
Is 12 a factor of 2602860?
True
Is 237 a factor of 718709?
False
Does 2 divide 33416?
True
Is 10702463 a multiple of 45?
False
Does 282 divide 5326980?
True
Is 4715584 a multiple of 121?
False
Does 12 divide 12852?
True
Is 2555432 a multiple of 99?
False
Is 4529844 a multiple of 297?
True
Is 1341 a factor of 2227390?
False
Is 480 a factor of 7896480?
True
Is 665315 a multiple of 5?
True
Is 11 a factor of 4548546?
False
Is 86 a factor of 222224?
True
Is 50 a factor of 511051?
False
Is 13 a factor of 233766?
True
Is 950583 a multiple of 31?
False
Is 16 a factor of 47956?
False
Does 8 divide 878961?
False
Does 561 divide 319680?
False
Is 239 a factor of 229918?
True
Does 425 divide 37936775?
True
Is 47 a factor of 36998?
False
Does 156 divide 993756?
False
Is 205323 a multiple of 89?
True
Does 5 divide 765690?
True
Is 24696 a multiple of 24?
True
Does 12 divide 17333?
False
Is 4 a factor of 332899?
False
Is 3 a factor of 628270?
False
Is 165102 a multiple of 9?
False
Is 480984 a multiple of 24?
True
Is 43365 a multiple of 7?
True
Is 101 a factor of 4717171?
False
Does 53 divide 3053383?
True
Does 217 divide 4506005?
True
Is 11677249 a multiple of 67?
False
Does 2293 divide 7890239?
False
Is 313 a factor of 3667728?
False
Is 110033 a multiple of 20?
False
Does 1841 divide 14720636?
True
Does 180 divide 2890080?
True
Is 475859 a multiple of 247?
False
Is 948 a factor of 24731546?
False
Is 261080 a multiple of 61?
True
Does 88 divide 16016?
True
Is 12120000 a multiple of 30?
True
Is 693332 a multiple of 194?
False
Is 589424 a multiple of 11?
True
Is 5668615 a multiple of 108?
False
Does 203 divide 268904?
False
Is 68 a factor of 252013?
False
Does 160 divide 80640?
True
Is 630 a factor of 7398090?
True
Does 23 divide 27642?
False
Is 53227 a multiple of 7?
False
Is 1365915 a multiple of 132?
False
Is 575 a factor of 7659000?
True
Is 704444 a multiple of 403?
True
Is 2069 a factor of 21350254?
False
Does 19 divide 583717?
False
Is 3 a factor of 99374?
False
Does 95 divide 4662048?
False
Does 44 divide 117568?
True
Is 94215 a multiple of 15?
True
Does 117 divide 792675?
True
Is 1234 a factor of 786058?
True
Is 217 a factor of 83979?
True
Is 472436 a multiple of 166?
True
Is 582 a factor of 811308?
True
Does 533 divide 7655740?
False
Does 12 divide 773911?
False
Is 191 a factor of 525546?
False
Is 83 a factor of 171063?
True
Is 33 a factor of 3562032?
False
Does 167 divide 1313455?
True
Is 35656 a multiple of 12?
False
Is 128555 a multiple of 7?
True
Is 16 a factor of 11504?
True
Does 17 divide 2764250?
False
Is 499 a factor of 1539592?
False
Is 141 a factor of 869153?
False
Does 307 divide 349059?
True
Is 1495 a factor of 1573600?
False
Is 80995 a multiple of 11?
False
Is 26 a factor of 72956?
True
Is 124425 a multiple of 237?
True
Is 18 a factor of 1499292?
True
Is 29 a factor of 18241?
True
Does 214 divide 111922?
True
Is 6 a factor of 855476?
False
Does 264 divide 6370923?
False
Does 381 divide 5193451?
False
Does 21 divide 1330920?
False
Is 196 a factor of 1063656?
False
Does 18 divide 325867?
False
Does 89 divide 394092?
True
Is 101 a factor of 9696?
True
Is 194590 a multiple of 305?
True
Is 522 a factor of 6859511?
False
Is 8 a factor of 228370?
False
Is 8 a factor of 184971?
False
Does 61 divide 876692?
True
Is 768400 a multiple of 100?
True
Does 20 divide 210751?
False
Does 91 divide 1101828?
True
Is 31 a factor of 76725?
True
Does 27 divide 729680?
False
Is 367761 a multiple of 15?
False
Is 38 a factor of 6495735?
False
Is 470633 a multiple of 6?
False
Is 2128220 a multiple of 10?
True
Does 164 divide 431096?
False
Is 26040 a multiple of 40?
True
Is 13 a factor of 69032?
False
Is 273 a factor of 123669?
True
Does 119 divide 9603300?
True
Is 304968 a multiple of 97?
True
Is 374 a factor of 3544815?
False
Is 435 a factor of 2310310?
False
Does 31 divide 2145634?
True
Is 90 a factor of 558630?
True
Is 10 a factor of 464410?
True
Does 